ime factors of v.
367
Suppose 18660 = 4*t + 6*t. What are the prime factors of t/4*4/6?
311
List the prime factors of (-2)/(-26) + 17250728/1846.
3, 5, 7, 89
What are the prime factors of (-23)/(414/180) - -22343?
23, 971
Let w(d) = -44*d - 435. Let h be w(-10). Suppose -h*o + 204 + 266 = m, -o + 1368 = 3*m. What are the prime factors of m?
5, 7, 13
Suppose 20*z + 1033 = 21*z. List the prime factors of (12/9)/(40/90) + z.
2, 7, 37
Let b = 23665 - 5459. What are the prime factors of b?
2, 9103
Suppose 8*b + 4*b - 3*w - 299520 = -8*w, 3*w = 0. What are the prime factors of b?
2, 3, 5, 13
Let m be (-6)/(-21) + 477/21. Suppose 2*h - 47 = 4*f + m, 2*h = 3*f + 54. Let n(j) = j**3 + 15*j**2 - 22*j - 24. List the prime factors of n(f).
2, 3
Let k(m) = -4*m**2 - 15*m - 20. Let l = 84 - 80. Let t(u) = -3*u**2 - 15*u - 19. Let p(c) = l*k(c) - 5*t(c). What are the prime factors of p(13)?
41
List the prime factors of (-755)/10*(-247 + 29).
109, 151
Suppose 7*g + 46 = -262. Let v = 209 - g. List the prime factors of v.
11, 23
Let f(u) be the second derivative of 23*u**5/120 - 2*u**4/3 + 17*u**3/6 - 37*u. Let d(y) be the second derivative of f(y). List the prime factors of d(7).
5, 29
Suppose 0 = -g - g + 7*g. Suppose 2*x - 4*d - 406 = g, 7*d - 8 = 3*d. List the prime factors of x.
3, 23
Let r be 5 + -3 + 23 + 1. What are the prime factors of (-86)/(-4)*(r + 0)?
13, 43
Let s be (4/(-30) + (-5194)/(-30))/1. Suppose 0 = -2*x + 511 - s. List the prime factors of x.
13
Let z = 169 - 186. What are the prime factors of (-5365)/(-12) - z/(-204)?
3, 149
Suppose -12 = -15*q + 19*q, -2*m - 2*q + 103272 = 0. What are the prime factors of m?
3, 7, 2459
Let s = 705 - 704. List the prime factors of ((-27)/243)/(s/(-1899)).
211
Suppose -28*p + 3456177 = 26*p + 69*p. List the prime factors of p.
28099
Let r(h) = -2*h**3 + h**2 + h. Let f be r(-1). Suppose -3*p + 7010 = f*p. Suppose p = 13*t + 284. List the prime factors of t.
2, 43
Suppose 5*r - 3904112 = -201*r. What are the prime factors of r?
2, 23, 103
Let a = -30 - -208. Suppose 2*w - o = a, 0 = 5*w + 5*o - 288 - 157. List the prime factors of w.
89
Suppose 16*w - 26*w = 70. Let g(x) = -3*x**3 + 6*x**2 - 7*x - 119. What are the prime factors of g(w)?
7, 179
Let o be (117/36 - 3) + 4110/8. Let h = 973 - o. List the prime factors of h.
3, 17
Suppose -14 = -3*i - 2*f + 464, 5 = -5*f. Suppose -5*h - i + 1455 = 0. List the prime factors of h.
7, 37
Suppose 2*u + 5*f = -5, -2*u + u + 3*f + 14 = 0. Let n be 2/u + 2692/20. Suppose j + n = 4*c, -c + 27 = j + j. What are the prime factors of c?
3, 11
Let t = 422 - 320. What are the prime factors of (16/(-6))/4 + 99008/t?
2, 5, 97
Suppose 7232 = v - j, j + 28956 = 4*v + 4*j. Suppose -8*t + 2252 + v = 0. List the prime factors of t.
2, 593
Let g = 18284 + -17663. What are the prime factors of g?
3, 23
Let x = -7059 - -42654. What are the prime factors of x?
3, 5, 7, 113
Suppose -6*l - 1331 = 1345. What are the prime factors of l*((-15)/4 - 6/(-24))?
7, 223
Suppose 3*t + 2*w = -20, 6 = 2*w - 4. What are the prime factors of (-4)/(-5)*-87*t?
2, 3, 29
Suppose 30*f - 32*f - 602 = 0. Let d = f + 423. Suppose 518 + d = 8*g. What are the prime factors of g?
2, 5
Let x(l) = -4*l**2 + 8*l + 44. Let u(z) = -5*z**2 + 9*z + 44. Let h(s) = -5*u(s) + 6*x(s). Let g be (2 + 32/(-10))/(2/20). List the prime factors of h(g).
2, 19
Let a(t) = 4*t**2 - 28*t + 72. Let w be a(6). Suppose -4*y - 5*s + 23 + 102 = 0, y - 2*s = 15. Let v = y + w. List the prime factors of v.
73
Suppose -5*r - 84 = -12*r. Let f = r + -7. Suppose 2*c + 3*b - 98 = 32, -5*c + 275 = -f*b. What are the prime factors of c?
59
List the prime factors of 5266 - 16*(-5)/10.
2, 3, 293
Let f be 99 - (-7)/(42/30). Suppose f*c - 101*c = 1125. List the prime factors of c.
3, 5
Let a(z) = 2987*z - 475. List the prime factors of a(1).
2, 157
Suppose 0 = 3*v + 3*m - 168432, -224568 = 85*v - 89*v + 4*m. List the prime factors of v.
23, 2441
Let q = -23 - -16. Let h(o) = -o**2 - 8*o - 4. Let k be h(q). Suppose 419 = 5*b - 7*g + k*g, 4*b - 3*g = 335. List the prime factors of b.
83
Let w(y) = -y + 36. Let s be w(15). Let c be s/14*-2*(-14)/1. Suppose -3*k = -k - c. List the prime factors of k.
3, 7
Let d(w) = -w**3 - 26*w**2 - 5*w - 18. What are the prime factors of d(-35)?
2, 5591
Suppose 63328 = 5*m - 37627. What are the prime factors of m?
61, 331
Let r(v) = 2*v**3 + 9*v**2 - v + 19. Let t(x) = 17*x + 18*x - 9 - 34*x - x**3 - 4*x**2. Let l(q) = 2*r(q) + 5*t(q). List the prime factors of l(-5).
53
Let z(a) = a**2 + 34*a - 103. Let y be z(-37). Suppose -d + 3*g + 545 = y*g, 2765 = 5*d + 5*g. List the prime factors of d.
3, 5, 37
Let w be 16/(-48) + 30/9. Suppose -w*a - 406 = -h, 3*a + 1 = -2. What are the prime factors of h?
13, 31
Let s be 986/6 + 15/(-45). Let h = s + 274. What are the prime factors of h?
2, 3, 73
Let v(t) = -t**2 + 13*t + 38. Suppose 2*i = -z - 2*i - 94, -5*z + 3*i - 493 = 0. Let g = z - -109. What are the prime factors of v(g)?
2, 3, 5
Suppose 0 = -2*a - 5 - 3, -1820 = 5*m - 5*a. Let b = m + 1209. List the prime factors of b.
29
Let w = 16 - 51. Let y = w - -33. List the prime factors of y/((-1)/19*2).
19
Let l(o) = 6165*o + 82. What are the prime factors of l(4)?
2, 89, 139
Suppose 2*b - 16 = -2*g, 5*b + 2*g - 1 = 27. Suppose -b*c = -136 - 348. Let h = -44 + c. What are the prime factors of h?
7, 11
Suppose 21*h - 8 = 17*h, -7730 = -2*a + 3*h. List the prime factors of a.
2, 967
Suppose -2*i + 32 = -6*i. What are the prime factors of (-1 - -132) + (-11 - i)?
2
Let t(g) = 6*g - 41. Let c be t(-12). Let n = -181 - c. What are the prime factors of n/(-119) + 759/7?
109
Let x be 36/6 + -3 + (0 - -1). Suppose -m + 736 = -x*h, m - 3*h = -3*m + 2944. What are the prime factors of m?
2, 23
Let z(h) = 91*h - 13. Let x(l) = l - 1. Let f be x(-4). Let s be z(f). Let g = s - -661. List the prime factors of g.
193
Let t = 6528 - -749. What are the prime factors of t?
19, 383
Let w(x) = -x - 4. Let t be w(-13). Let a = t + -30. Let l = a - -47. What are the prime factors of l?
2, 13
Let b(w) = 1692*w + 143. List the prime factors of b(9).
19, 809
Let j = -7605 + 18675. List the prime factors of j.
2, 3, 5, 41
Suppose -2*u + 30 - 308 = 0. Let d = u + 694. List the prime factors of d.
3, 5, 37
Let u(t) = -87*t**2 + 41*t**2 + 47*t**2 + 9*t + 64. What are the prime factors of u(-20)?
2, 71
Suppose -x = -5*u - 490, -4*x + 2*u - u + 2017 = 0. Let a = x - 317. What are the prime factors of a?
2, 47
Let w = 419 + -384. Suppose -w*b + 40*b - 1785 = 0. List the prime factors of b.
3, 7, 17
Let f = 617 + -602. Suppose -1539 = -f*d + 9651. List the prime factors of d.
2, 373
Let s(q) = 2*q**3 - 44*q**2 - 337*q - 73. List the prime factors of s(43).
2, 31547
Suppose 5*m - 23335 = -5*b, -6*b - 23335 = -5*m - b. List the prime factors of m.
13, 359
Let p(s) = 2*s**2 - 19*s + 3. Let c be p(-11). Suppose 553 = 11*t + c. What are the prime factors of t?
3
Let a = 11565 - -20864. List the prime factors of a.
32429
Suppose 0 = -4*g - h + 57, -2*g = 2*h - 6 - 24. Let y(t) = t**2 + 21*t + 17. What are the prime factors of y(g)?
3, 13
Let l(p) = 7*p**2 + 9*p + 250. Let d(n) = 4*n**2 + 5*n + 124. Let z(q) = -5*d(q) + 3*l(q). What are the prime factors of z(-32)?
2, 5, 109
Suppose -3*o - 3*g = 2*o, 4*g = -5*o. Suppose o = 52*j - 47*j - 25. Suppose -j*c = 6*c - 550. What are the prime factors of c?
2, 5
Let f(i) = -700*i - 1203. List the prime factors of f(-9).
3, 1699
Let v(p) be the first derivative of 2*p**3/3 + 11*p**2/2 + 4*p - 3. Suppose -2*s = 6*h - h + 41, 2*h + s = -17. List the prime factors of v(h).
5
Let n(a) = a**3 + 11*a**2 - 3*a - 15. Suppose 4*b + 38 + 6 = 0. Let i be n(b). List the prime factors of 1/(((-5)/190)/(i/(-4))).
3, 19
Let x = -420 - -235. Let a = x + 250. What are the prime factors of a?
5, 13
Let s = -616 - -614. List the prime factors of (s + 3485/(-10))/((-6)/36).
3, 701
Suppose -57*s + 32*s = -100. Suppose s*f = 43 + 13. List the prime factors of f.
2, 7
Suppose 4*p - 825 = -5*q + 4*q, 4*q - 3*p = 3300. Suppose f = -2*f + q. Suppose 0 = 7*x - 2*x - f. List the prime factors of x.
5, 11
Let c = 10344 + -6182. What are the prime factors of c?
2, 2081
Let t be ((-6)/(-3))/((-8)/112). List the prime factors of (-14548)/t - (-16)